mon factor of 3535 and 75.
5
Calculate the highest common divisor of 535 and 3170410.
535
Calculate the greatest common divisor of 2624 and 287808.
64
What is the greatest common divisor of 91171 and 18445?
527
What is the highest common divisor of 759 and 21747?
33
Calculate the highest common factor of 160 and 26540.
20
What is the greatest common factor of 26940 and 132?
12
Calculate the highest common divisor of 39746 and 18704.
2338
Calculate the greatest common factor of 58 and 499177.
29
What is the greatest common factor of 6 and 12734?
2
Calculate the highest common factor of 5137 and 11.
11
What is the greatest common divisor of 5280 and 27840?
480
Calculate the greatest common factor of 38 and 100814.
38
What is the highest common divisor of 22 and 2648?
2
Calculate the greatest common factor of 172833 and 636.
159
Calculate the greatest common divisor of 954 and 42858.
18
What is the highest common divisor of 753 and 945015?
753
What is the greatest common divisor of 1075 and 670?
5
What is the greatest common divisor of 3642 and 5937?
3
Calculate the highest common factor of 268967 and 1385.
277
Calculate the greatest common factor of 45443 and 29.
29
Calculate the greatest common factor of 367565 and 88.
11
Calculate the greatest common divisor of 16 and 8891152.
16
Calculate the highest common divisor of 176 and 11464.
8
What is the highest common divisor of 100226 and 140?
14
What is the highest common factor of 1246002 and 92?
46
What is the highest common factor of 21582 and 36?
18
What is the highest common divisor of 137 and 10578181?
137
Calculate the highest common factor of 69813 and 315.
9
Calculate the highest common factor of 64672 and 1032.
344
What is the greatest common divisor of 273861 and 35?
7
Calculate the highest common factor of 7325 and 1172.
293
Calculate the highest common divisor of 8 and 96536.
8
Calculate the highest common factor of 8778 and 21714.
462
What is the highest common factor of 1412 and 1892786?
706
Calculate the greatest common factor of 931 and 1681519.
133
Calculate the greatest common divisor of 40 and 175895.
5
Calculate the highest common factor of 11316 and 50676.
492
What is the highest common divisor of 34305 and 795?
15
Calculate the greatest common divisor of 8911 and 3192.
133
Calculate the highest common divisor of 45 and 1125.
45
Calculate the greatest common divisor of 4247169 and 356.
89
What is the greatest common factor of 17 and 479417?
17
Calculate the highest common factor of 3735 and 390930.
1245
Calculate the greatest common factor of 75 and 61305.
15
Calculate the greatest common factor of 19243014 and 714.
714
What is the greatest common divisor of 44 and 102839?
11
Calculate the highest common factor of 552 and 243156.
276
What is the greatest common factor of 726 and 726?
726
What is the greatest common divisor of 37 and 8511?
1
What is the greatest common factor of 24476 and 43044?
844
Calculate the highest common factor of 13 and 1274741.
13
Calculate the highest common divisor of 14 and 2374.
2
What is the highest common divisor of 768 and 675456?
384
Calculate the greatest common factor of 3055402 and 574.
574
What is the greatest common factor of 87574 and 12?
2
Calculate the greatest common factor of 814671 and 13715.
2743
Calculate the greatest common factor of 42746 and 15142.
134
What is the highest common divisor of 21 and 54957?
21
What is the highest common factor of 770 and 20482?
154
What is the greatest common divisor of 575 and 475?
25
Calculate the greatest common divisor of 381 and 387223.
127
Calculate the highest common factor of 81 and 27738.
9
Calculate the highest common factor of 4824 and 18224.
536
What is the highest common divisor of 364 and 13312?
52
What is the greatest common factor of 569240 and 3210?
1070
Calculate the highest common divisor of 171 and 2375.
19
Calculate the highest common factor of 960466 and 615.
41
Calculate the greatest common divisor of 392 and 155967.
49
Calculate the greatest common factor of 209704 and 704.
88
What is the highest common divisor of 201 and 84487?
67
Calculate the highest common factor of 282 and 216717.
141
Calculate the highest common divisor of 52 and 1867099.
13
Calculate the greatest common factor of 381136 and 658.
14
What is the highest common factor of 60848 and 16?
16
What is the greatest common divisor of 284607 and 6096?
381
Calculate the highest common factor of 250 and 503775.
25
What is the highest common factor of 107765 and 7875?
35
What is the highest common divisor of 441 and 6318?
9
What is the greatest common factor of 192 and 58848?
96
What is the highest common factor of 81864 and 864?
216
Calculate the greatest common factor of 3336032 and 106.
106
What is the greatest common divisor of 3789 and 2817?
9
Calculate the highest common divisor of 3731 and 13559.
91
What is the highest common factor of 52635 and 1740?
435
What is the greatest common factor of 11025 and 2058?
147
What is the highest common divisor of 654 and 125241?
327
What is the highest common factor of 142933 and 49?
49
What is the highest common factor of 1392 and 16176?
48
What is the highest common divisor of 1507516 and 2367?
263
Calculate the greatest common divisor of 30 and 478370.
10
Calculate the highest common factor of 106950 and 375.
75
What is the highest common factor of 17997 and 3276?
21
Calculate the highest common divisor of 1428 and 21012.
204
What is the highest common factor of 1610189 and 3332?
833
Calculate the greatest common divisor of 1685 and 4381.
337
Calculate the greatest common divisor of 3305599 and 8035.
1607
What is the greatest common divisor of 45 and 1269522?
9
Calculate the greatest common factor of 63450 and 9.
9
Calculate the highest common factor of 5764556 and 28.
28
Calculate the greatest common divisor of 1197 and 83657.
133
What is the greatest common factor of 45 and 21072?
3
What is the greatest common factor of 2499 and 102?
51
What is the highest common factor of 10258 and 1541?
23
Calculate the greatest common divisor of 14259490 and 490.
490
What is the highest common factor of 12089 and 154?
77
Calculate the highest common divisor of 37396 and 8.
4
Calculate the highest common divisor of 3408504 and 66.
66
What is the highest common divisor of 243364 and 4?
4
What is the highest common divisor of 95763 and 3151?
137
What is the highest common divisor of 271992 and 672?
168
What is the greatest common factor of 1426 and 18308?
46
Calculate the greatest common divisor of 248519 and 2901.
967
What is the highest common factor of 920 and 256?
8
Calculate the greatest common factor of 17600 and 2046.
22
What is the highest common factor of 43520 and 3280?
80
What is the greatest common factor of 93717 and 52?
13
What is the greatest common divisor of 133 and 4975397?
133
What is the greatest common factor of 49062 and 46546?
1258
Calculate the highest common divisor of 2924 and 5547.
43
What is the greatest common factor of 330 and 11670?
30
What is the highest common divisor of 120492 and 27?
9
What is the highest common factor of 192 and 204928?
64
What is the highest common divisor of 143 and 104247?
143
Calculate the highest common divisor of 2109 and 7353.
57
Calculate the greatest common factor of 33 and 4560.
3
Calculate the greatest common factor of 2480477 and 453.
151
Calculate the highest common factor of 848 and 55014.
106
Calculate the highest common divisor of 180139 and 361.
361
Calculate the greatest common factor of 49 and 331.
1
Calculate the highest common divisor of 4847 and 444.
37
What is the greatest common factor of 15169 and 6304?
197
What is the greatest common factor of 183 and 65697?
183
Calculate the highest common factor of 200067 and 196.
49
What is the greatest common factor of 677 and 264707?
677
Calculate the highest common divisor of 564 and 300.
12
Calculate the greatest common divisor of 12 and 4676.
4
What is the greatest common divisor of 184335 and 15?
15
Calculate the greatest common factor of 12 and 878280.
12
Calculate the greatest common factor of 10829 and 650.
13
Calculate the highest common divisor of 2321 and 20045.
211
Calculate the highest common factor of 100 and 41740.
20
Calculate the highest common div